{"id":12,"date":"2016-06-13T19:38:35","date_gmt":"2016-06-13T17:38:35","guid":{"rendered":"https:\/\/www.narniadeweloper.pl\/willanagorlickiej\/?page_id=12"},"modified":"2017-01-18T14:08:48","modified_gmt":"2017-01-18T13:08:48","slug":"baza-wykonawcow","status":"publish","type":"page","link":"https:\/\/www.narniadeweloper.pl\/willanagorlickiej\/baza-wykonawcow\/","title":{"rendered":"Baza wykonawc\u00f3w"},"content":{"rendered":"<h2>Wsp\u00f3\u0142pracuj\u0105 z nami:<\/h2>\n<p>Polecamy Pa\u0144stwu naszych partner\u00f3w biznesowych &#8211; zach\u0119camy do odwiedzenia ich stron www oraz do skorzystania z us\u0142ug.<\/p>\n<ul>\n<li><strong>Nowa Architektura Sp. z o.o.<\/strong><br \/>\n\/Generalny Wykonawca zadania \u201eWilla na Gorlickiej\u201d\/<br \/>\nul. Kawalerzyst\u00f3w 17\/12<br \/>\n53-004 Wroc\u0142aw<br \/>\n<a href=\"http:\/\/www.nowa-architektura.eu\">www.nowa-architektura.eu<\/a><\/li>\n<li><strong>Kierownik budowy<\/strong><br \/>\nStanis\u0142aw Bezwierzchny, mgr in\u017c., nr upr. OPL\/0816\/OWOK\/12<br \/>\n\u2013 kierowanie robotami budowlanymi bez ogranicze\u0144 w specjalno\u015bci konstrukcyjno \u2013 budowlanej <div class=\"show_more\"><p class=\"wpsm-show\" style=\"color: grey; font-size: 100%; text-align: left;\">\u00bb wi\u0119cej<\/p><div class=\"wpsm-content\">Realizacje lata 2010 &#8211; 2016:<br \/>\n<a href=\"http:\/\/bud-rem.eu\/project\/muzeum-w-namyslowie\/\">http:\/\/bud-rem.eu\/project\/muzeum-w-namyslowie\/<\/a><br \/>\n<a href=\"http:\/\/bud-rem.eu\/project\/wroclaw-termomodernizacja-gimnazjum-nr-21-przy-ul-sw-jerzego-4\/\">http:\/\/bud-rem.eu\/project\/wroclaw-termomodernizacja-gimnazjum-nr-21-przy-ul-sw-jerzego-4\/<\/a><br \/>\n<a href=\"http:\/\/bud-rem.eu\/project\/4-wroclaw-ul-olesnicka-17\/\">http:\/\/bud-rem.eu\/project\/4-wroclaw-ul-olesnicka-17\/<\/a><br \/>\n<a href=\"http:\/\/bud-rem.eu\/project\/1202\/\">http:\/\/bud-rem.eu\/project\/1202\/<\/a><br \/>\n<a href=\"http:\/\/www.nto.pl\/wiadomosci\/opole\/a\/opole-ma-nowe-mieszkania-komunalne-zdjecia,10035446\/\">http:\/\/www.nto.pl\/wiadomosci\/opole\/a\/opole-ma-nowe-mieszkania-komunalne-zdjecia,10035446\/<\/a> <p class=\"wpsm-hide\" style=\"color: grey; font-size: 100%; text-align: left;\">\u00bb mniej<\/p><\/div><\/div><\/li>\n<li><strong>Inspektor nadzoru, kierownik budowy, in\u017cynier kontraktu, manager projektu<\/strong><br \/>\nMonika Duch, in\u017c., nr upr. \u2026\u2026.<br \/>\n<a href=\"http:\/\/www.md-budowa.pl\/\">www.md-budowa.pl\/<\/a><\/li>\n<li><strong>PHU \u201eMartyniak\u201d Andrzej Martyniak<\/strong><br \/>\nul. Wyszy\u0144skiego 2A, 49-300 Brzeg<br \/>\nmartyniakbrzeg@wp.pl<br \/>\n<a href=\"http:\/\/www.martyniak.com.pl\">www.martyniak.com.pl<\/a><\/li>\n<li><strong>\u201eSOLARIS\u201d Jacek Biernacki<\/strong><br \/>\nJan\u00f3w 19, 49-330 Lewin Brzeski<br \/>\n<a href=\"http:\/\/www.instalacjesolaris.pl\">www.instalacjesolaris.pl<\/a><\/li>\n<li><strong>Maciej Szyszka &#8211; CIESIELSTWO<\/strong><br \/>\nul. Dworcowa 23A, 63-421 Przygodzice<\/li>\n<li><strong>\u201eBRAMAL\u201d Jakub Rosiak<\/strong><br \/>\nul. Kamienna 18, 49-313 Lubsza<br \/>\n<a href=\"http:\/\/www.rosiak-okna.pl\">www.rosiak-okna.pl<\/a><\/li>\n<li><strong>PPHU KOMIN-KAM Janusz \u017bmijowski<\/strong><br \/>\nul. Cicha 2d, Marcinkowice, 55-200 O\u0142awa<br \/>\nbiuro@kominkam.pl<\/li>\n<li><strong>JARO Jaros\u0142aw Sebastja\u0144ski<\/strong><br \/>\nul. Dobra 42, 56-410 Dobroszyce<\/li>\n<li><strong>Ildar Michalak,<\/strong><br \/>\nul. Akacjowa 7C\/3,<br \/>\n49-318 Skarbimierz Osiedle<br \/>\n<a href=\"http:\/\/www. plus.google.com\/103747088267108465510\">www. plus.google.com\/103747088267108465510<\/a><\/li>\n<li><strong>Us\u0142ugi Remontowo Budowlane Jaros\u0142aw Mucha<\/strong><br \/>\nul. Kwiatowa 13, 48-316 \u0141ambinowice<br \/>\njarekmucha@onet.eu<\/li>\n<li><strong>Przedsi\u0119biorstwo Wielobran\u017cowe Daniel Skwarczy\u0144ski<\/strong><br \/>\nul. B\u0142onie 6, 49-306 Brzeg<br \/>\n<a href=\"http:\/\/www.spawex-brzeg.pl\">www.spawex-brzeg.pl<\/a><\/li>\n<\/ul>\n<p>Chcesz podj\u0105\u0107 wsp\u00f3\u0142prac\u0119:<br \/>\nNapisz do nas lub wy\u015blij wizyt\u00f3wk\u0119<\/p>\n","protected":false},"excerpt":{"rendered":"<p>Wsp\u00f3\u0142pracuj\u0105 z nami: Polecamy Pa\u0144stwu naszych partner\u00f3w biznesowych &#8211; zach\u0119camy do odwiedzenia ich stron www oraz do skorzystania z us\u0142ug. Nowa Architektura Sp. z o.o. \/Generalny Wykonawca zadania \u201eWilla na Gorlickiej\u201d\/ ul. Kawalerzyst\u00f3w 17\/12 53-004 Wroc\u0142aw www.nowa-architektura.eu Kierownik budowy Stanis\u0142aw Bezwierzchny, mgr in\u017c., nr upr. OPL\/0816\/OWOK\/12 \u2013 kierowanie robotami budowlanymi bez ogranicze\u0144 w specjalno\u015bci konstrukcyjno &#8230; <a title=\"Baza wykonawc\u00f3w\" class=\"read-more\" href=\"https:\/\/www.narniadeweloper.pl\/willanagorlickiej\/baza-wykonawcow\/\">Czytaj dalej<\/a><\/p>\n","protected":false},"author":1,"featured_media":0,"parent":0,"menu_order":0,"comment_status":"closed","ping_status":"closed","template":"","meta":[],"categories":[],"tags":[],"yoast_head":"<!-- This site is optimized with the Yoast SEO plugin v20.10 - https:\/\/yoast.com\/wordpress\/plugins\/seo\/ -->\n<title>Baza wykonawc\u00f3w - Willa na Gorlickiej<\/title>\n<meta name=\"robots\" content=\"index, follow, max-snippet:-1, max-image-preview:large, max-video-preview:-1\" \/>\n<link rel=\"canonical\" href=\"https:\/\/www.narniadeweloper.pl\/willanagorlickiej\/baza-wykonawcow\/\" \/>\n<meta property=\"og:locale\" content=\"pl_PL\" \/>\n<meta property=\"og:type\" content=\"article\" \/>\n<meta property=\"og:title\" content=\"Baza wykonawc\u00f3w - Willa na Gorlickiej\" \/>\n<meta property=\"og:description\" content=\"Wsp\u00f3\u0142pracuj\u0105 z nami: Polecamy Pa\u0144stwu naszych partner\u00f3w biznesowych &#8211; zach\u0119camy do odwiedzenia ich stron www oraz do skorzystania z us\u0142ug. Nowa Architektura Sp. z o.o. \/Generalny Wykonawca zadania \u201eWilla na Gorlickiej\u201d\/ ul. Kawalerzyst\u00f3w 17\/12 53-004 Wroc\u0142aw www.nowa-architektura.eu Kierownik budowy Stanis\u0142aw Bezwierzchny, mgr in\u017c., nr upr. OPL\/0816\/OWOK\/12 \u2013 kierowanie robotami budowlanymi bez ogranicze\u0144 w specjalno\u015bci konstrukcyjno ... Czytaj dalej\" \/>\n<meta property=\"og:url\" content=\"https:\/\/www.narniadeweloper.pl\/willanagorlickiej\/baza-wykonawcow\/\" \/>\n<meta property=\"og:site_name\" content=\"Willa na Gorlickiej\" \/>\n<meta property=\"article:modified_time\" content=\"2017-01-18T13:08:48+00:00\" \/>\n<meta name=\"twitter:card\" content=\"summary_large_image\" \/>\n<meta name=\"twitter:label1\" content=\"Szacowany czas czytania\" \/>\n\t<meta name=\"twitter:data1\" content=\"1 minuta\" \/>\n<script type=\"application\/ld+json\" class=\"yoast-schema-graph\">{\"@context\":\"https:\/\/schema.org\",\"@graph\":[{\"@type\":\"WebPage\",\"@id\":\"https:\/\/www.narniadeweloper.pl\/willanagorlickiej\/baza-wykonawcow\/\",\"url\":\"https:\/\/www.narniadeweloper.pl\/willanagorlickiej\/baza-wykonawcow\/\",\"name\":\"Baza wykonawc\u00f3w - Willa na Gorlickiej\",\"isPartOf\":{\"@id\":\"https:\/\/www.narniadeweloper.pl\/willanagorlickiej\/#website\"},\"datePublished\":\"2016-06-13T17:38:35+00:00\",\"dateModified\":\"2017-01-18T13:08:48+00:00\",\"breadcrumb\":{\"@id\":\"https:\/\/www.narniadeweloper.pl\/willanagorlickiej\/baza-wykonawcow\/#breadcrumb\"},\"inLanguage\":\"pl-PL\",\"potentialAction\":[{\"@type\":\"ReadAction\",\"target\":[\"https:\/\/www.narniadeweloper.pl\/willanagorlickiej\/baza-wykonawcow\/\"]}]},{\"@type\":\"BreadcrumbList\",\"@id\":\"https:\/\/www.narniadeweloper.pl\/willanagorlickiej\/baza-wykonawcow\/#breadcrumb\",\"itemListElement\":[{\"@type\":\"ListItem\",\"position\":1,\"name\":\"Strona g\u0142\u00f3wna\",\"item\":\"https:\/\/www.narniadeweloper.pl\/willanagorlickiej\/\"},{\"@type\":\"ListItem\",\"position\":2,\"name\":\"Baza wykonawc\u00f3w\"}]},{\"@type\":\"WebSite\",\"@id\":\"https:\/\/www.narniadeweloper.pl\/willanagorlickiej\/#website\",\"url\":\"https:\/\/www.narniadeweloper.pl\/willanagorlickiej\/\",\"name\":\"Willa na Gorlickiej\",\"description\":\"Strona inwestycji\",\"potentialAction\":[{\"@type\":\"SearchAction\",\"target\":{\"@type\":\"EntryPoint\",\"urlTemplate\":\"https:\/\/www.narniadeweloper.pl\/willanagorlickiej\/?s={search_term_string}\"},\"query-input\":\"required name=search_term_string\"}],\"inLanguage\":\"pl-PL\"}]}<\/script>\n<!-- \/ Yoast SEO plugin. -->","yoast_head_json":{"title":"Baza wykonawc\u00f3w - Willa na Gorlickiej","robots":{"index":"index","follow":"follow","max-snippet":"max-snippet:-1","max-image-preview":"max-image-preview:large","max-video-preview":"max-video-preview:-1"},"canonical":"https:\/\/www.narniadeweloper.pl\/willanagorlickiej\/baza-wykonawcow\/","og_locale":"pl_PL","og_type":"article","og_title":"Baza wykonawc\u00f3w - Willa na Gorlickiej","og_description":"Wsp\u00f3\u0142pracuj\u0105 z nami: Polecamy Pa\u0144stwu naszych partner\u00f3w biznesowych &#8211; zach\u0119camy do odwiedzenia ich stron www oraz do skorzystania z us\u0142ug. Nowa Architektura Sp. z o.o. \/Generalny Wykonawca zadania \u201eWilla na Gorlickiej\u201d\/ ul. Kawalerzyst\u00f3w 17\/12 53-004 Wroc\u0142aw www.nowa-architektura.eu Kierownik budowy Stanis\u0142aw Bezwierzchny, mgr in\u017c., nr upr. OPL\/0816\/OWOK\/12 \u2013 kierowanie robotami budowlanymi bez ogranicze\u0144 w specjalno\u015bci konstrukcyjno ... Czytaj dalej","og_url":"https:\/\/www.narniadeweloper.pl\/willanagorlickiej\/baza-wykonawcow\/","og_site_name":"Willa na Gorlickiej","article_modified_time":"2017-01-18T13:08:48+00:00","twitter_card":"summary_large_image","twitter_misc":{"Szacowany czas czytania":"1 minuta"},"schema":{"@context":"https:\/\/schema.org","@graph":[{"@type":"WebPage","@id":"https:\/\/www.narniadeweloper.pl\/willanagorlickiej\/baza-wykonawcow\/","url":"https:\/\/www.narniadeweloper.pl\/willanagorlickiej\/baza-wykonawcow\/","name":"Baza wykonawc\u00f3w - Willa na Gorlickiej","isPartOf":{"@id":"https:\/\/www.narniadeweloper.pl\/willanagorlickiej\/#website"},"datePublished":"2016-06-13T17:38:35+00:00","dateModified":"2017-01-18T13:08:48+00:00","breadcrumb":{"@id":"https:\/\/www.narniadeweloper.pl\/willanagorlickiej\/baza-wykonawcow\/#breadcrumb"},"inLanguage":"pl-PL","potentialAction":[{"@type":"ReadAction","target":["https:\/\/www.narniadeweloper.pl\/willanagorlickiej\/baza-wykonawcow\/"]}]},{"@type":"BreadcrumbList","@id":"https:\/\/www.narniadeweloper.pl\/willanagorlickiej\/baza-wykonawcow\/#breadcrumb","itemListElement":[{"@type":"ListItem","position":1,"name":"Strona g\u0142\u00f3wna","item":"https:\/\/www.narniadeweloper.pl\/willanagorlickiej\/"},{"@type":"ListItem","position":2,"name":"Baza wykonawc\u00f3w"}]},{"@type":"WebSite","@id":"https:\/\/www.narniadeweloper.pl\/willanagorlickiej\/#website","url":"https:\/\/www.narniadeweloper.pl\/willanagorlickiej\/","name":"Willa na Gorlickiej","description":"Strona inwestycji","potentialAction":[{"@type":"SearchAction","target":{"@type":"EntryPoint","urlTemplate":"https:\/\/www.narniadeweloper.pl\/willanagorlickiej\/?s={search_term_string}"},"query-input":"required name=search_term_string"}],"inLanguage":"pl-PL"}]}},"_links":{"self":[{"href":"https:\/\/www.narniadeweloper.pl\/willanagorlickiej\/wp-json\/wp\/v2\/pages\/12"}],"collection":[{"href":"https:\/\/www.narniadeweloper.pl\/willanagorlickiej\/wp-json\/wp\/v2\/pages"}],"about":[{"href":"https:\/\/www.narniadeweloper.pl\/willanagorlickiej\/wp-json\/wp\/v2\/types\/page"}],"author":[{"embeddable":true,"href":"https:\/\/www.narniadeweloper.pl\/willanagorlickiej\/wp-json\/wp\/v2\/users\/1"}],"replies":[{"embeddable":true,"href":"https:\/\/www.narniadeweloper.pl\/willanagorlickiej\/wp-json\/wp\/v2\/comments?post=12"}],"version-history":[{"count":36,"href":"https:\/\/www.narniadeweloper.pl\/willanagorlickiej\/wp-json\/wp\/v2\/pages\/12\/revisions"}],"predecessor-version":[{"id":255,"href":"https:\/\/www.narniadeweloper.pl\/willanagorlickiej\/wp-json\/wp\/v2\/pages\/12\/revisions\/255"}],"wp:attachment":[{"href":"https:\/\/www.narniadeweloper.pl\/willanagorlickiej\/wp-json\/wp\/v2\/media?parent=12"}],"wp:term":[{"taxonomy":"category","embeddable":true,"href":"https:\/\/www.narniadeweloper.pl\/willanagorlickiej\/wp-json\/wp\/v2\/categories?post=12"},{"taxonomy":"post_tag","embeddable":true,"href":"https:\/\/www.narniadeweloper.pl\/willanagorlickiej\/wp-json\/wp\/v2\/tags?post=12"}],"curies":[{"name":"wp","href":"https:\/\/api.w.org\/{rel}","templated":true}]}}

Baza wykonawców

<h2>Współpracują z nami:</h2>
<p>Polecamy Państwu naszych partnerów biznesowych &#8211; zachęcamy do odwiedzenia ich stron www oraz do skorzystania z usług.</p>
<ul>
<li><strong>Nowa Architektura Sp. z o.o.</strong><br />
/Generalny Wykonawca zadania „Willa na Gorlickiej”/<br />
ul. Kawalerzystów 17/12<br />
53-004 Wrocław<br />
<a href="http://www.nowa-architektura.eu">www.nowa-architektura.eu</a></li>
<li><strong>Kierownik budowy</strong><br />
Stanisław Bezwierzchny, mgr inż., nr upr. OPL/0816/OWOK/12<br />
– kierowanie robotami budowlanymi bez ograniczeń w specjalności konstrukcyjno – budowlanej <div class="show_more"><p class="wpsm-show" style="color: grey; font-size: 100%; text-align: left;">» więcej</p><div class="wpsm-content">Realizacje lata 2010 &#8211; 2016:<br />
<a href="http://bud-rem.eu/project/muzeum-w-namyslowie/">http://bud-rem.eu/project/muzeum-w-namyslowie/</a><br />
<a href="http://bud-rem.eu/project/wroclaw-termomodernizacja-gimnazjum-nr-21-przy-ul-sw-jerzego-4/">http://bud-rem.eu/project/wroclaw-termomodernizacja-gimnazjum-nr-21-przy-ul-sw-jerzego-4/</a><br />
<a href="http://bud-rem.eu/project/4-wroclaw-ul-olesnicka-17/">http://bud-rem.eu/project/4-wroclaw-ul-olesnicka-17/</a><br />
<a href="http://bud-rem.eu/project/1202/">http://bud-rem.eu/project/1202/</a><br />
<a href="http://www.nto.pl/wiadomosci/opole/a/opole-ma-nowe-mieszkania-komunalne-zdjecia,10035446/">http://www.nto.pl/wiadomosci/opole/a/opole-ma-nowe-mieszkania-komunalne-zdjecia,10035446/</a> <p class="wpsm-hide" style="color: grey; font-size: 100%; text-align: left;">» mniej</p></div></div></li>
<li><strong>Inspektor nadzoru, kierownik budowy, inżynier kontraktu, manager projektu</strong><br />
Monika Duch, inż., nr upr. …….<br />
<a href="http://www.md-budowa.pl/">www.md-budowa.pl/</a></li>
<li><strong>PHU „Martyniak” Andrzej Martyniak</strong><br />
ul. Wyszyńskiego 2A, 49-300 Brzeg<br />
martyniakbrzeg@wp.pl<br />
<a href="http://www.martyniak.com.pl">www.martyniak.com.pl</a></li>
<li><strong>„SOLARIS” Jacek Biernacki</strong><br />
Janów 19, 49-330 Lewin Brzeski<br />
<a href="http://www.instalacjesolaris.pl">www.instalacjesolaris.pl</a></li>
<li><strong>Maciej Szyszka &#8211; CIESIELSTWO</strong><br />
ul. Dworcowa 23A, 63-421 Przygodzice</li>
<li><strong>„BRAMAL” Jakub Rosiak</strong><br />
ul. Kamienna 18, 49-313 Lubsza<br />
<a href="http://www.rosiak-okna.pl">www.rosiak-okna.pl</a></li>
<li><strong>PPHU KOMIN-KAM Janusz Żmijowski</strong><br />
ul. Cicha 2d, Marcinkowice, 55-200 Oława<br />
biuro@kominkam.pl</li>
<li><strong>JARO Jarosław Sebastjański</strong><br />
ul. Dobra 42, 56-410 Dobroszyce</li>
<li><strong>Ildar Michalak,</strong><br />
ul. Akacjowa 7C/3,<br />
49-318 Skarbimierz Osiedle<br />
<a href="http://www. plus.google.com/103747088267108465510">www. plus.google.com/103747088267108465510</a></li>
<li><strong>Usługi Remontowo Budowlane Jarosław Mucha</strong><br />
ul. Kwiatowa 13, 48-316 Łambinowice<br />
jarekmucha@onet.eu</li>
<li><strong>Przedsiębiorstwo Wielobranżowe Daniel Skwarczyński</strong><br />
ul. Błonie 6, 49-306 Brzeg<br />
<a href="http://www.spawex-brzeg.pl">www.spawex-brzeg.pl</a></li>
</ul>
<p>Chcesz podjąć współpracę:<br />
Napisz do nas lub wyślij wizytówkę</p>

<p>Współpracują z nami: Polecamy Państwu naszych partnerów biznesowych &#8211; zachęcamy do odwiedzenia ich stron www oraz do skorzystania z usług. Nowa Architektura Sp. z o.o. /Generalny Wykonawca zadania „Willa na Gorlickiej”/ ul. Kawalerzystów 17/12 53-004 Wrocław www.nowa-architektura.eu Kierownik budowy Stanisław Bezwierzchny, mgr inż., nr upr. OPL/0816/OWOK/12 – kierowanie robotami budowlanymi bez ograniczeń w specjalności konstrukcyjno &#8230; <a title="Baza wykonawców" class="read-more" href="https://www.narniadeweloper.pl/willanagorlickiej/baza-wykonawcow/">Czytaj dalej</a></p>

<!-- This site is optimized with the Yoast SEO plugin v20.10 - https://yoast.com/wordpress/plugins/seo/ -->
<title>Baza wykonawców - Willa na Gorlickiej</title>
<meta name="robots" content="index, follow, max-snippet:-1, max-image-preview:large, max-video-preview:-1" />
<link rel="canonical" href="https://www.narniadeweloper.pl/willanagorlickiej/baza-wykonawcow/" />
<meta property="og:locale" content="pl_PL" />
<meta property="og:type" content="article" />
<meta property="og:title" content="Baza wykonawców - Willa na Gorlickiej" />
<meta property="og:description" content="Współpracują z nami: Polecamy Państwu naszych partnerów biznesowych &#8211; zachęcamy do odwiedzenia ich stron www oraz do skorzystania z usług. Nowa Architektura Sp. z o.o. /Generalny Wykonawca zadania „Willa na Gorlickiej”/ ul. Kawalerzystów 17/12 53-004 Wrocław www.nowa-architektura.eu Kierownik budowy Stanisław Bezwierzchny, mgr inż., nr upr. OPL/0816/OWOK/12 – kierowanie robotami budowlanymi bez ograniczeń w specjalności konstrukcyjno ... Czytaj dalej" />
<meta property="og:url" content="https://www.narniadeweloper.pl/willanagorlickiej/baza-wykonawcow/" />
<meta property="og:site_name" content="Willa na Gorlickiej" />
<meta property="article:modified_time" content="2017-01-18T13:08:48+00:00" />
<meta name="twitter:card" content="summary_large_image" />
<meta name="twitter:label1" content="Szacowany czas czytania" />
	<meta name="twitter:data1" content="1 minuta" />
<script type="application/ld+json" class="yoast-schema-graph">{"@context":"https://schema.org","@graph":[{"@type":"WebPage","@id":"https://www.narniadeweloper.pl/willanagorlickiej/baza-wykonawcow/","url":"https://www.narniadeweloper.pl/willanagorlickiej/baza-wykonawcow/","name":"Baza wykonawców - Willa na Gorlickiej","isPartOf":{"@id":"https://www.narniadeweloper.pl/willanagorlickiej/#website"},"datePublished":"2016-06-13T17:38:35+00:00","dateModified":"2017-01-18T13:08:48+00:00","breadcrumb":{"@id":"https://www.narniadeweloper.pl/willanagorlickiej/baza-wykonawcow/#breadcrumb"},"inLanguage":"pl-PL","potentialAction":[{"@type":"ReadAction","target":["https://www.narniadeweloper.pl/willanagorlickiej/baza-wykonawcow/"]}]},{"@type":"BreadcrumbList","@id":"https://www.narniadeweloper.pl/willanagorlickiej/baza-wykonawcow/#breadcrumb","itemListElement":[{"@type":"ListItem","position":1,"name":"Strona główna","item":"https://www.narniadeweloper.pl/willanagorlickiej/"},{"@type":"ListItem","position":2,"name":"Baza wykonawców"}]},{"@type":"WebSite","@id":"https://www.narniadeweloper.pl/willanagorlickiej/#website","url":"https://www.narniadeweloper.pl/willanagorlickiej/","name":"Willa na Gorlickiej","description":"Strona inwestycji","potentialAction":[{"@type":"SearchAction","target":{"@type":"EntryPoint","urlTemplate":"https://www.narniadeweloper.pl/willanagorlickiej/?s={search_term_string}"},"query-input":"required name=search_term_string"}],"inLanguage":"pl-PL"}]}</script>
<!-- / Yoast SEO plugin. -->

Baza wykonawców - Willa na Gorlickiej

Współpracują z nami: Polecamy Państwu naszych partnerów biznesowych &#8211; zachęcamy do odwiedzenia ich stron www oraz do skorzystania z usług. Nowa Architektura Sp. z o.o. /Generalny Wykonawca zadania „Willa na Gorlickiej”/ ul. Kawalerzystów 17/12 53-004 Wrocław www.nowa-architektura.eu Kierownik budowy Stanisław Bezwierzchny, mgr inż., nr upr. OPL/0816/OWOK/12 – kierowanie robotami budowlanymi bez ograniczeń w specjalności konstrukcyjno ... Czytaj dalej

Strona główna
